{"id":328,"date":"2020-02-09T19:50:46","date_gmt":"2020-02-09T18:50:46","guid":{"rendered":"https:\/\/www.implantate-soest.de\/?page_id=328"},"modified":"2021-07-16T07:49:52","modified_gmt":"2021-07-16T05:49:52","slug":"impressum","status":"publish","type":"page","link":"https:\/\/www.implantate-soest.de\/?page_id=328","title":{"rendered":"Impressum"},"content":{"rendered":"\t\t<div data-elementor-type=\"wp-page\" data-elementor-id=\"328\" class=\"elementor elementor-328\">\n\t\t\t\t\t\t<section class=\"elementor-section elementor-top-section elementor-element elementor-element-4a6f61c elementor-section-boxed elementor-section-height-default elementor-section-height-default\" data-id=\"4a6f61c\" data-element_type=\"section\">\n\t\t\t\t\t\t<div class=\"elementor-container elementor-column-gap-default\">\n\t\t\t\t\t<div class=\"elementor-column elementor-col-100 elementor-top-column elementor-element elementor-element-36dac5c\" data-id=\"36dac5c\" data-element_type=\"column\">\n\t\t\t<div class=\"elementor-widget-wrap elementor-element-populated\">\n\t\t\t\t\t\t<div class=\"elementor-element elementor-element-01dff2f elementor-widget elementor-widget-heading\" data-id=\"01dff2f\" data-element_type=\"widget\" data-widget_type=\"heading.default\">\n\t\t\t\t<div class=\"elementor-widget-container\">\n\t\t\t\t\t<h2 class=\"elementor-heading-title elementor-size-default\"><font color=\"#777777\">Impressum<\/font><\/h2>\t\t\t\t<\/div>\n\t\t\t\t<\/div>\n\t\t\t\t<div class=\"elementor-element elementor-element-e979d9b elementor-widget elementor-widget-text-editor\" data-id=\"e979d9b\" data-element_type=\"widget\" data-widget_type=\"text-editor.default\">\n\t\t\t\t<div class=\"elementor-widget-container\">\n\t\t\t\t\t\t\t\t\t<div class=\"col-md-8 content-kurzfassung\"><div class=\"technik\"><p>Zahn\u00e4rztliche Gemeinschaftspraxis Dres. Biegel<br \/>Puppenstra\u00dfe 6-8<br \/>59494 Soest<\/p><p>Telefon:\u00a0<span style=\"color: #000080;\"><a style=\"color: #000080;\" href=\"tel:02921-2014\">02921-2014<\/a><\/span><br \/>Telefax: 02921-15643<\/p><p>E-Mail:\u00a0<span style=\"color: #000080;\"><a style=\"color: #000080;\" href=\"mailto:info@implantate-soest.de\">info@implantate-soest.de<\/a><\/span><br \/>Homepage: http:\/\/www.implantate-soest.de<\/p><h2>Inhaltlich verantwortlich<\/h2><p>Dr. Moritz Biegel, Dr. Janina Biegel<\/p><h2>Berufsbezeichnung<\/h2><p>Dr. Moritz Biegel, Zahnarzt (Berufsbezeichnung verliehen in der Bundesrepublik Deutschland)<br \/>Dr. Janina Biegel, Zahnarzt (Berufsbezeichnung verliehen in der Bundesrepublik Deutschland)<\/p><h2>Powered by:<\/h2><p><span style=\"color: #000080;\"><a style=\"color: #000080;\" href=\"http:\/\/www.bartkowiaks.com\">Patrick Bartkowiak Software<\/a>\u00a0<\/span><\/p><h2>Zust\u00e4ndige Kammern:<\/h2><p>Zahn\u00e4rztekammer Westfalen-Lippe<br \/>Auf der Horst 29<br \/>48147 M\u00fcnster<br \/>Internet:\u00a0<span style=\"color: #000080;\"><a style=\"color: #000080;\" title=\"www.zahnaerzte-wl.de\" href=\"https:\/\/www.mkg-menzebach.de\/kontakt\/www.zahnaerzte-wl.de\" target=\"_blank\" rel=\"noopener\">www.zahnaerzte-wl.de<\/a><\/span><\/p><h2>Zust\u00e4ndige Aufsichtsbeh\u00f6rden:<\/h2><p>Kassenzahn\u00e4rztliche Vereinigung Westfalen-Lippe<br \/>Auf der Horst 25<br \/>48147 M\u00fcnster<br \/>Internet:\u00a0<span style=\"color: #000080;\"><a style=\"color: #000080;\" title=\"www.kzvwl.de\" href=\"http:\/\/www.kzvwl.de\/\" target=\"_blank\" rel=\"noopener\">http:\/\/www.kzvwl.de\/<\/a><\/span><\/p><h2>Berufsrechtliche Regelungen:<\/h2><p>Es gelten folgende berufsrechtliche Regelungen:<\/p><ul class=\"auflistung\"><li><strong>Heilberufe Kammergesetz<\/strong><\/li><li><strong>Zahnheilkundegesetz<\/strong><\/li><li><strong>Berufsordnung<\/strong><\/li><li><strong>Geb\u00fchrenordnung f\u00fcr Zahn\u00e4rzte (GOZ)<\/strong><\/li><\/ul><p>Die oben genannten Regelungen sind einsehbar auf der Website der Zahn\u00e4rztekammer Westfalen-Lippe im Men\u00fcpunkt\u00a0<span style=\"color: #000080;\"><a style=\"color: #000080;\" title=\"Rechtsvorschriften Zahn\u00e4rztekammer Westfalen-Lippe\" href=\"http:\/\/www.zahnaerzte-wl.de\/html\/zaek\/zaek_Startseite.html\" target=\"_blank\" rel=\"noopener\">\u201eRecht &gt; Sonstige Rechtsvorschriften\u201c<\/a><\/span>.<\/p><h2><span style=\"color: inherit; font-family: inherit; font-size: 2rem;\">Haftungsausschluss<\/span><\/h2><p>Unsere Zahnarztpraxis (nachfolgend Praxis genannt) \u00fcbernimmt keinerlei Gew\u00e4hr f\u00fcr die Aktualit\u00e4t, Korrektheit, Vollst\u00e4ndigkeit oder Qualit\u00e4t der bereitgestellten Informationen.<\/p><p>Haftungsanspr\u00fcche gegen unsere Praxis, welche sich auf Sch\u00e4den materieller oder ideeller Art beziehen, die durch die Nutzung oder Nichtnutzung der dargebotenen Informationen bzw. durch die Nutzung fehlerhafter und unvollst\u00e4ndiger Informationen verursacht wurden, sind grunds\u00e4tzlich ausgeschlossen, sofern seitens unserer Praxis kein nachweislich vors\u00e4tzliches oder grob fahrl\u00e4ssiges Verschulden vorliegt.<\/p><p>Unsere Praxis beh\u00e4lt es sich ausdr\u00fccklich vor, Teile der Seiten oder das gesamte Angebot ohne gesonderte Ank\u00fcndigung zu ver\u00e4ndern, zu erg\u00e4nzen, zu l\u00f6schen oder die Ver\u00f6ffentlichung zeitweise oder endg\u00fcltig einzustellen.<\/p><h3>Verweise und Links:<\/h3><p>Bei direkten oder indirekten Verweisen auf fremde Webseiten (&#8222;Hyperlinks&#8220;), die au\u00dferhalb des Verantwortungsbereiches unserer Praxis liegen, w\u00fcrde eine Haftungsverpflichtung ausschlie\u00dflich in dem Fall in Kraft treten, in dem unsere Praxis von den Inhalten Kenntnis hat und es technisch m\u00f6glich und zumutbar w\u00e4re, die Nutzung im Falle rechtswidriger Inhalte zu verhindern.<\/p><p>Unsere Praxis erkl\u00e4rt hiermit ausdr\u00fccklich, dass zum Zeitpunkt der Linksetzung keine illegalen Inhalte auf den zu verlinkenden Seiten erkennbar waren. Auf die aktuelle und zuk\u00fcnftige Gestaltung, die Inhalte oder die Urheberschaft der verlinkten\/verkn\u00fcpften Seiten hat die Praxis keinerlei Einfluss. Deshalb distanziert sich unsere Praxis hiermit ausdr\u00fccklich von allen Inhalten aller verlinkten\/verkn\u00fcpften Seiten, die nach der Linksetzung ver\u00e4ndert wurden. Diese Feststellung gilt f\u00fcr alle innerhalb des eigenen Internetangebotes gesetzten Links und Verweise.<\/p><h3>Urheber- und Kennzeichenrecht:<\/h3><p>Alle innerhalb des Internetangebotes genannten und gebenenenfalls durch Dritte gesch\u00fctzten Marken- und Warenzeichen unterliegen uneingeschr\u00e4nkt den Bestimmungen des jeweils g\u00fcltigen Kennzeichenrechts und den Besitzrechten der jeweiligen eingetragenen Eigent\u00fcmer.<br \/>Das Copyright f\u00fcr ver\u00f6ffentlichte, vom Autor selbst erstellte Objekte bleibt allein beim Autor der Seiten. Eine Vervielf\u00e4ltigung oder Verwendung solcher Grafiken, Tondokumente, Videosequenzen und Texte in anderen elektronischen oder gedruckten Publikationen ist ohne ausdr\u00fcckliche Zustimmung des Autors nicht gestattet.<\/p><h3 id=\"datenschutz\">Eingabe pers\u00f6nlicher oder gesch\u00e4ftlicher Daten:<\/h3><p>Sofern innerhalb des Internetangebotes die M\u00f6glichkeit zur Eingabe pers\u00f6nlicher oder gesch\u00e4ftlicher Daten (E-Mail-Adressen, Namen, Anschriften) besteht, so erfolgt die Preisgabe dieser Daten seitens des Nutzers auf ausdr\u00fccklich freiwilliger Basis. Die Inanspruchnahme aller angebotenen Dienste ist auch ohne Angabe solcher Daten bzw. unter Angabe anonymisierter Daten oder eines Pseudonyms gestattet. Die Nutzung der im Rahmen des Impressums oder vergleichbarer Angaben ver\u00f6ffentlichten Kontaktdaten wie Postanschriften, Telefon- und Faxnummern sowie E-Mail-Adressen durch Dritte zur \u00dcbersendung von nicht ausdr\u00fccklich angeforderten Informationen ist nicht gestattet.<\/p><\/div><\/div>\t\t\t\t\t\t\t\t<\/div>\n\t\t\t\t<\/div>\n\t\t\t\t\t<\/div>\n\t\t<\/div>\n\t\t\t\t\t<\/div>\n\t\t<\/section>\n\t\t\t\t<\/div>\n\t\t","protected":false},"excerpt":{"rendered":"<p>Impressum Zahn\u00e4rztliche Gemeinschaftspraxis Dres. BiegelPuppenstra\u00dfe 6-859494 Soest Telefon:\u00a002921-2014Telefax: 02921-15643 E-Mail:\u00a0info@implantate-soest.deHomepage: http:\/\/www.implantate-soest.de Inhaltlich verantwortlich Dr. Moritz Biegel, Dr. Janina Biegel Berufsbezeichnung Dr. Moritz Biegel, Zahnarzt (Berufsbezeichnung verliehen in der Bundesrepublik Deutschland)Dr. Janina Biegel, Zahnarzt (Berufsbezeichnung verliehen in der Bundesrepublik Deutschland) Powered by: Patrick Bartkowiak Software\u00a0 Zust\u00e4ndige Kammern: Zahn\u00e4rztekammer Westfalen-LippeAuf der Horst 2948147 M\u00fcnsterInternet:\u00a0www.zahnaerzte-wl.de Zust\u00e4ndige Aufsichtsbeh\u00f6rden: Kassenzahn\u00e4rztliche [&hellip;]<\/p>\n","protected":false},"author":1,"featured_media":0,"parent":0,"menu_order":0,"comment_status":"closed","ping_status":"closed","template":"","meta":{"footnotes":""},"_links":{"self":[{"href":"https:\/\/www.implantate-soest.de\/index.php?rest_route=\/wp\/v2\/pages\/328"}],"collection":[{"href":"https:\/\/www.implantate-soest.de\/index.php?rest_route=\/wp\/v2\/pages"}],"about":[{"href":"https:\/\/www.implantate-soest.de\/index.php?rest_route=\/wp\/v2\/types\/page"}],"author":[{"embeddable":true,"href":"https:\/\/www.implantate-soest.de\/index.php?rest_route=\/wp\/v2\/users\/1"}],"replies":[{"embeddable":true,"href":"https:\/\/www.implantate-soest.de\/index.php?rest_route=%2Fwp%2Fv2%2Fcomments&post=328"}],"version-history":[{"count":8,"href":"https:\/\/www.implantate-soest.de\/index.php?rest_route=\/wp\/v2\/pages\/328\/revisions"}],"predecessor-version":[{"id":482,"href":"https:\/\/www.implantate-soest.de\/index.php?rest_route=\/wp\/v2\/pages\/328\/revisions\/482"}],"wp:attachment":[{"href":"https:\/\/www.implantate-soest.de\/index.php?rest_route=%2Fwp%2Fv2%2Fmedia&parent=328"}],"curies":[{"name":"wp","href":"https:\/\/api.w.org\/{rel}","templated":true}]}}